t of t?
9
What is the units digit of (-3)/(1 + 185/(-170))?
4
Let m(v) = 3*v + 1. Let j be m(-2). Let b = j - -45. Suppose b = 2*k + 2*k. What is the units digit of k?
0
Suppose 4*v = 5*z - 1061, 0 = 2*v - 6*v + 4. Suppose z = 3*i + 2*i - l, -4*i - 3*l + 178 = 0. Suppose 4*q - i = -3. What is the tens digit of q?
1
Suppose y = 5*w - 18, -6*w + 2*w - 2*y = -6. What is the units digit of w?
3
Suppose s - 3 = -0*s. Let y(i) = -i**3 + 5*i**2 - i + 1. What is the units digit of y(s)?
6
Let w = -1 + 2. Let r = w + 2. Suppose 0 - r = -3*k. What is the units digit of k?
1
Let x(a) = a**3 - 8*a**2 - 6*a - 12. What is the units digit of x(9)?
5
Let u = -63 - -88. What is the tens digit of u?
2
Suppose -4*l + 14 = -y, 3*l = -y - 2 + 16. Suppose 0 = 5*g - 2*w - 62, -g = 2*w - 8 - y. What is the tens digit of g?
1
Let b = -10 + 13. Suppose 4*t - 53 = -b*j, -3*t + 0*t + j = -30. What is the units digit of t?
1
Let v(y) = -2*y**2 + 10*y - 2*y + 2 - 11 + y**2. Let c be v(6). Suppose k = t + 2, -2*k - c*k = 5*t - 40. What is the units digit of t?
3
Suppose -4*d - m + 8 = 0, -d + 3 = 3*m + 1. Suppose 0 = -d*q + 4*q - 26. What is the tens digit of q?
1
Suppose -3*z = -192 + 66. What is the tens digit of z?
4
Suppose 2*o - 5 - 3 = 0. What is the units digit of o?
4
Let v be (-2 - -1)*1 - -16. Suppose v = 7*k - 4*k. What is the units digit of k?
5
What is the units digit of -30*(-7 + 3 - 3)?
0
Suppose 8*h - 3*h - 5*u = 40, -h - u + 8 = 0. What is the tens digit of h/(-6)*18*-1?
2
Suppose -502 = -7*g + 107. What is the tens digit of g?
8
Let q(k) = k**3 - 4*k**2 + 6*k - 6. Let s be q(4). Suppose -5*b = -5*o - 5, 5*o + 2*b - 25 = -3*b. Suppose -o*d = -0 - s. What is the units digit of d?
9
Let z be (0 - 0)/2 - -40. Suppose 4*k = -k + z. What is the units digit of k?
8
What is the units digit of (-6)/(-21)*-1*-959?
4
What is the tens digit of (-54)/(-5) + 16/(-20)?
1
Suppose -108 = -b + k, 0 = 4*b + 5*k - k - 432. What is the hundreds digit of b?
1
Let n(q) = 46*q - 18. What is the units digit of n(6)?
8
Suppose 3*q - 2*q - 20 = 0. What is the units digit of q?
0
Let v = 7 - -3. Let i(g) = -9*g**2 + 14 - 5 + g**3 - 2*g**3 + v*g. What is the units digit of i(-10)?
9
Let l(u) = 3 + u + 2 + u**3 - 3 - 6 - 5*u**2. What is the units digit of l(5)?
1
Let t = -20 + 41. What is the units digit of t?
1
Let h(v) = -v**3 - 4*v**2 - 3*v - 2. Let a be h(-2). Let i = -3 - a. What is the units digit of i?
1
Let l = -11 + 28. What is the units digit of l?
7
Suppose 0 = b - 3*b + 24. Let f = b + 11. What is the tens digit of f?
2
Suppose -5*w + 1446 = -2*l, 2*w = 3*l - 0*l + 585. What is the units digit of w?
8
Let h = -61 + 96. What is the tens digit of h?
3
Let l(b) = 2*b - 4. Let k be l(4). Let o(y) = -2*y. Let s be o(-2). Suppose j + j = k, -s*z + 3*j + 46 = 0. What is the units digit of z?
3
Suppose -304 = -3*j + 2*h, 4*j - 3*h + 6*h = 411. What is the units digit of j?
2
Suppose 3*q - f = 2*q - 18, 0 = 5*q - 4*f + 86. What is the units digit of q/(-4)*(-3 - -5)?
7
What is the hundreds digit of (-9)/(-54) + 1*2062/12?
1
What is the units digit of (-6)/3*(-9)/3?
6
Let d(p) = -p - 3*p - 5 - 2*p + 2*p. What is the tens digit of d(-5)?
1
Let j be 1 + -1 + 1*2. Suppose 0 = s - 4*y - 16, s = -j*s - 2*y + 34. What is the units digit of s?
2
Let z(r) = -r**3 - 2*r**2 + 3*r - 4. Let m = -5 - -2. Let i be z(m). What is the units digit of 1*3 - i/(-2)?
1
What is the hundreds digit of (1 - (-1)/(-3))/(90/30780)?
2
Suppose -5*g + 1037 + 229 = 4*y, 3*g = -6. What is the tens digit of y?
1
Suppose -3*f + 5 + 4 = 0. Let q(r) = r**2 - 8*r + 17. Let z be q(6). Suppose -4*c = -z*c + f. What is the units digit of c?
3
Let r = 163 - 39. What is the tens digit of r?
2
Let o = 6 + 35. What is the tens digit of o?
4
Suppose 4*u + 28 = 3*z, -z = u - 5*z + 20. Let i(x) = -x**2 - x + 5. Let b be i(u). What is the units digit of (6 - 3)*b/(-3)?
7
Suppose -5*d + 19 = -36. What is the units digit of d?
1
Let y(c) = c + 12. Let l be y(-8). Suppose 0 = s + l*s. Let j(g) = g**3 - g + 3. What is the units digit of j(s)?
3
Suppose -2*q + 3*k + 12 = -9, -5*k = 15. Let p(i) = -5*i**3 + 2*i**2 + 2*i + 1. Let f be p(-1). What is the units digit of ((-4)/q)/((-2)/f)?
2
Let l(d) = -34*d. Let v be l(-1). Let x = v + -8. What is the units digit of x?
6
What is the tens digit of (-1)/(-6) - 715/(-30)?
2
Let s(a) = a**2 + a. Let g be s(0). Suppose -l - z + 10 = -g*l, 5*z = 10. What is the units digit of l?
8
Let v be 2 + (-3 - -5) + 0. What is the tens digit of v/(12/45) - -3?
1
Suppose -4*x + 15 + 1 = 0. Let y = 55 - 37. What is the units digit of x/y - (-140)/18?
8
Let q(v) = 3*v**2 + 7*v + 6. Let g be q(-4). Suppose -j = -4*n - 7 + g, 2*n - j - 7 = 0. Suppose 6*h - n = 3*h. What is the units digit of h?
2
Let g(p) = 2*p + 22. Let z(q) = 3*q + 33. Let r(f) = 8*g(f) - 5*z(f). Let w(v) = 1. Let b(x) = r(x) + 3*w(x). What is the units digit of b(-7)?
7
Let c = -1 + 37. Suppose 3*a = -0*a + c. Let d = a - 0. What is the units digit of d?
2
Suppose 4*s = -4*s + 624. What is the tens digit of s?
7
Let b(x) be the second derivative of x**4/12 - 2*x**3/3 + 2*x**2 + 2*x. Let j be b(4). Let p = j - -2. What is the units digit of p?
6
Let k be 2*((-6)/(-5))/(24/30). Suppose -4*a = 5*m - m - 40, 4*m = 5*a - 50. Let f = a - k. What is the units digit of f?
7
Let x(l) = l**3 - 6*l + 5*l + 2*l - 6 + 8*l**2 + 4*l. Let b = 12 - 19. What is the units digit of x(b)?
8
Let f = 3 - 1. Let n = -3 + 4. Suppose f*r - n = o, -r - 2*r = -3. What is the units digit of o?
1
Suppose 4*m - 41 = 91. What is the units digit of m?
3
Suppose 0 = -3*f + 35 + 40. Suppose -21 - 15 = -4*o. Let k = f - o. What is the units digit of k?
6
Let w = 102 + 326. What is the hundreds digit of w?
4
What is the units digit of 1860/25 + (-4)/10?
4
Let x(a) = 3*a**2 + 2*a + 6. What is the tens digit of x(-3)?
2
Let p(u) be the first derivative of 5*u**2/2 + 1. What is the tens digit of p(2)?
1
Suppose -5*h + 0*u + 37 = 3*u, 0 = -2*u + 8. Let f(r) = 9*r - 2 + 3*r**3 + h*r**2 - 3*r**3 - r**3. What is the units digit of f(6)?
6
Let r(m) = -m**2 + 9*m - 8. Let x be r(7). Suppose -t = -4*t - x. Let d(h) = -h**3 - h**2 + h - 1. What is the units digit of d(t)?
1
Let i = -4 + 10. Suppose 0 = 2*z + 4*s - 44, i*s - 3*s - 103 = -5*z. What is the units digit of z?
0
Suppose 0 = 2*p - 16 - 16. Suppose 3*n + p = -n. Let x(m) = -2*m - 4. What is the units digit of x(n)?
4
Let i = -19 - -28. Let j = i - 4. Suppose -j*x + 28 = -7. What is the units digit of x?
7
Suppose 2*s - 3 - 99 = 0. What is the tens digit of s?
5
Let p = 8 - 5. Suppose 2 = 2*y, -p - 26 = -5*v + y. What is the units digit of (18/4)/(3/v)?
9
Let v be (4/3)/((-1)/(-3)). Suppose n - 11 = -2*j, n - 11 = v*j - 0*j. What is the tens digit of n?
1
Suppose -1 = 5*o - 11. Suppose -2*q + 2 = 2*n, 0*q = 2*q - o*n - 22. What is the units digit of q?
6
Let j(v) = v**3 + 5*v**2 - 8*v - 5. Let u(h) = h**3 - 4*h**2 - 5*h + 4. Let l be u(4). Let x = 10 + l. What is the units digit of j(x)?
7
Suppose -r + 4*m + 18 = -29, -3*r + 3*m = -123. What is the units digit of r?
9
Let h(n) = 5*n**2 + 6*n + 6. Let g(p) = -p - 1. Let a(v) = 5*g(v) + h(v). Let o be a(-3). Suppose o + 25 = 4*m - d, m + d - 17 = 0. What is the tens digit of m?
1
Let v be (-6)/9 + 52/(-12). Suppose 0 = -5*s - 3*m + 21, 2*s + 0*m + 3*m - 3 = 0. Let f = v + s. What is the units digit of f?
1
Suppose 0 = -x - 2*n + 30, 3*x - 8 = 3*n + 46. What is the tens digit of x?
2
Let y = 2 + -3. Let h = 8 + y. What is the units digit of h?
7
Let m(b) = -b + 2*b**2 - 54 - b**2 + 58. Let o be -1*(-2 + (1 - 2)). What is the tens digit of m(o)?
1
Let u(a) = -4*a - 1 + 5*a + 2*a. Let g be u(1). What is the units digit of g/(-3) - 16/(-6)?
2
Let l(f) = f**3 + 9*f**2 + 8*f - 1. Let m be l(-8). Let s = m - -2. Let h(o) = 8*o**2 + 2*o - 1. What is the units digit of h(s)?
9
Let w be 2/(-3) + 12/18. Let h(i) = i + 8. What is the units digit of h(w)?
8
Suppose 4*p + 3 = -41. Let g = 17 - p. Suppose q = 5*q - g. What is the units digit of q?
7
Suppose -3*i - j = -11, 4*i - 18 = 3*j + 1. What is the units digit of i?
4
Suppose -28 = -3*i + i + 5*u, 4 = -u. Let q = i - 2. Suppose -3*z + 17 = q. What is the units digit of z?
5
Suppose 6*f + 6 = 4*f. Let w be ((-3)/(-3) + f)/(-1). Suppose -